**2 - 56*w. What is d(4)?
-192
Let l(u) = 2*u**2 - 43*u + 107. Determine l(26).
341
Let r(t) = -7*t**2 + 911*t - 123. Determine r(130).
7
Let t(l) = 60*l + 1334. Calculate t(-22).
14
Let x(t) = 118*t + 7660. Determine x(-65).
-10
Let c(g) = 86*g + 114. What is c(-4)?
-230
Let r(v) = 7*v - 570. What is r(-10)?
-640
Let b(y) = -9*y**2 - 315*y - 53. Give b(-35).
-53
Let o(q) = -14*q - 394. Give o(18).
-646
Let p(j) = -j**3 - 5*j**2 + 33*j - 77. Determine p(3).
-50
Let s(j) = -j**3 - 7*j**2 - 8*j - 21. Give s(-6).
-9
Let o(t) = t**2 + 14*t - 781. Determine o(-37).
70
Let x(a) = 2*a**3 - 89*a**2 + 117*a + 98. Calculate x(43).
-418
Let j(a) = a**3 + 8*a**2 - 122*a + 11. Calculate j(-13).
752
Let q(v) = -369*v + 7037. Give q(19).
26
Let j(o) = -o**3 + 7*o**2 + 42*o - 1. Give j(12).
-217
Let s(w) = -14*w + 526. What is s(37)?
8
Let z(u) = 6*u - 504. Give z(78).
-36
Let s(d) = 2*d**2 + 11*d - 123. Give s(-10).
-33
Let r(v) = 377*v - 1783. Give r(5).
102
Let q(u) = -99*u**3 + 6*u**2 - 8*u + 2. What is q(1)?
-99
Let f(j) = -2*j**3 + 7*j**2 - 28*j + 224. Determine f(6).
-124
Let r(j) = -3*j**2 + 53*j + 562. What is r(25)?
12
Let c(r) = -105*r - 1239. What is c(-12)?
21
Let u(k) = -k**2 - 10*k - 75. Determine u(9).
-246
Let y(f) = f**2 - 7095*f - 42614. Give y(-6).
-8
Let g(j) = -382*j + 8023. Determine g(21).
1
Let m(f) = 2*f**3 + 64*f**2 - 134*f + 62. Give m(-34).
-6
Let v(c) = 6*c**3 - 7*c**2 + 15*c - 31. What is v(4)?
301
Let v(l) = 60*l + 530. Give v(-8).
50
Let s(x) = x**2 + 70*x + 887. Calculate s(-41).
-302
Let y(q) = -2*q**2 - 29*q - 121. Give y(-7).
-16
Let h(b) = b**3 - 16*b**2 + 19*b - 2. Determine h(14).
-128
Let w(a) = 2*a**3 - 7*a**2 - a - 5. What is w(4)?
7
Let o(h) = -h**2 + 42*h - 328. What is o(33)?
-31
Let d(w) = 11*w + 50. Calculate d(5).
105
Let k(w) = -803*w + 4813. Give k(6).
-5
Let k(d) = -291*d - 3231. What is k(-12)?
261
Let w(u) = 2*u - 61. Determine w(-15).
-91
Let n(p) = -3*p**2 - 17*p + 6. Give n(-7).
-22
Let g(f) = 94*f - 167. What is g(2)?
21
Let z(g) = -119*g**2 + 136*g + 273. Determine z(-2).
-475
Let x(t) = 9*t - 153. Determine x(6).
-99
Let k(l) = 13*l**2 - 62*l + 180. Calculate k(5).
195
Let a(b) = 2*b**2 + 27*b + 50. What is a(-13)?
37
Let w(l) = 30*l - 307. Determine w(10).
-7
Let p(q) = -16*q**2 + 358*q + 231. Give p(23).
1
Let o(r) = -8*r - 309. Give o(-31).
-61
Let c(p) = 3*p**2 - 78*p + 35. Calculate c(23).
-172
Let n(i) = -4*i**2 - 31*i + 412. Determine n(13).
-667
Let v(u) = 8*u**2 - 163*u + 35. What is v(20)?
-25
Let x(g) = -g**3 + 17*g**2 - 73*g + 1. Calculate x(8).
-7
Let r(p) = -p**3 - 14*p**2 - 2*p - 52. Determine r(-14).
-24
Let g(v) = v**3 + 12*v**2 + 47*v + 172. What is g(-7)?
88
Let m(l) = 213*l + 631. What is m(-3)?
-8
Let g(b) = 3*b**2 - 73*b + 220. Give g(3).
28
Let v(b) = -3*b**3 + 4*b**2 - 13*b + 6. Give v(4).
-174
Let l(g) = -g**3 + 35*g**2 - 33*g - 30. Give l(34).
4
Let p(j) = -22*j**2 - 151*j + 1007. What is p(-11)?
6
Let d(t) = -t**3 - 10*t**2 - 12*t - 20. Determine d(-6).
-92
Let a(l) = -l**3 + 7*l**2 + 28*l - 155. Give a(8).
5
Let l(o) = o**3 + 10*o**2 - 75*o + 62. Calculate l(4).
-14
Let w(r) = -3*r**3 + 5*r**2 + 12*r - 16. What is w(1)?
-2
Let y(a) = 113*a**2 + 2*a + 611. What is y(0)?
611
Let d(x) = -x**3 - 2*x + 9. What is d(4)?
-63
Let q(s) = -4*s - 126. Calculate q(-32).
2
Let u(n) = 20*n**2 + 282*n + 993. Calculate u(-7).
-1
Let f(y) = y**2 + 42*y - 727. Calculate f(13).
-12
Let c(b) = b**3 - 38*b**2 - 53*b + 537. Give c(39).
-9
Let d(y) = -137*y - 3573. Give d(-26).
-11
Let k(b) = -71*b**2 + 1060*b + 59. Determine k(15).
-16
Let v(h) = 1905*h + 1907. Calculate v(-1).
2
Let u(z) = -z**3 + 11*z**2 - 25*z + 33. What is u(6)?
63
Let u(a) = -a**3 - 19*a**2 - 21*a + 61. Give u(-18).
115
Let x(o) = -14*o - 23. Calculate x(-6).
61
Let q(x) = -x**2 - 13*x - 17. Give q(-12).
-5
Let p(u) = -7*u**2 - 91*u - 388. Calculate p(-4).
-136
Let b(z) = 555*z**2 - z + 2. What is b(1)?
556
Let x(o) = -1178*o + 126051. Calculate x(107).
5
Let g(d) = 167*d + 625. Determine g(-5).
-210
Let s(g) = 2*g**3 - 18*g**2 - 11*g + 91. What is s(9)?
-8
Let o(r) = r**3 + 16*r**2 + 81*r + 139. What is o(-9)?
-23
Let r(g) = 4*g**3 + 27*g**2 + 23*g + 209. Calculate r(-7).
-1
Let f(g) = 2*g**3 + 19*g**2 + 4*g - 49. Calculate f(-9).
-4
Let h(p) = p**3 + 11*p**2 - 12*p + 1. What is h(-11)?
133
Let r(o) = 8*o**3 + 83*o**2 - 10*o - 21. Calculate r(-11).
-516
Let a(g) = 1871*g - 11256. Calculate a(6).
-30
Let m(x) = -5*x**2 - 54*x + 35. Calculate m(-12).
-37
Let g(b) = -91*b**3 + 19*b**2 + b - 3. Give g(1).
-74
Let g(y) = 10*y**2 - y - 40. Calculate g(-4).
124
Let p(u) = -308*u - 1928. What is p(-6)?
-80
Let z(m) = -2*m**2 - 22*m - 1. Determine z(0).
-1
Let k(h) = h**3 - 9*h**2 - 5*h + 19. What is k(7)?
-114
Let y(z) = -z**3 + 13*z + 26. Determine y(-3).
14
Let a(s) = 2*s**2 - 84*s - 297. Calculate a(45).
-27
Let d(o) = -2*o**2 - 159*o + 1211. Determine d(7).
0
Let o(k) = 2*k**3 - 31*k**2 - 192*k + 2806. What is o(16)?
-10
Let o(a) = -1977*a + 9874. Calculate o(5).
-11
Let g(x) = x**3 + 17*x**2 - 29*x - 393. What is g(-18)?
-195
Let y(p) = -p**3 - 4*p**2 + 7*p + 13. What is y(-4)?
-15
Let q(p) = -35*p**3 + 2*p**2 + 3*p - 3. Calculate q(-2).
279
Let d(p) = -10*p**3 + 17*p**2 + 4*p + 1. Give d(2).
-3
Let a(z) = -430*z + 2194. Calculate a(5).
44
Let t(l) = 44*l**2 - 39*l - 89. What is t(-3)?
424
Let k(s) = -6*s**2 + 102*s + 1413. Determine k(-12).
-675
Let v(a) = -a**2 - 9*a + 9. Give v(0).
9
Let k(t) = 2*t**3 - 54*t**2 - 8*t - 147. Give k(27).
-363
Let a(y) = -y**2 + 27*y + 4. Give a(26).
30
Let r(z) = -88*z + 11. Determine r(-1).
99
Let w(t) = -t**3 - 11*t**2 + 2*t + 16. Give w(-10).
-104
Let g(b) = 20*b**2 - 43*b - 13. Give g(4).
135
Let z(i) = -2*i**2 - 16*i - 38. Calculate z(-6).
-14
Let c(m) = -2*m**2 - 106*m + 264. What is c(-53)?
264
Let c(f) = 2*f**2 - 3*f + 12. Give c(-6).
102
Let u(k) = -22*k**3 - 419*k**2 - 17*k + 39. What is u(-19)?
1
Let j(o) = -221*o - 8193. Determine j(-37).
-16
Let k(m) = 2*m**3 - 22*m**2 + 12*m - 10. Give k(10).
-90
Let q(l) = 2*l**3 - 140*l**2 + 140*l - 151. Determine q(69).
-13
Let l(i) = -2*i**2 + 16*i + 83. Determine l(-5).
-47
Let x(n) = -n**3 + 4*n**2 - 16*n + 46. What is x(6)?
-122
Let d(y) = 70*y**2 - 160*y + 160. Calculate d(1).
70
Let w(a) = -52*a + 383. Determine w(9).
-85
Let w(h) = h**3 - 23*h**2 - 8*h - 139. What is w(24)?
245
Let q(h) = -6*h + 204. Calculate q(29).
30
Let i(q) = 6*q**3 + 2*q**2 + q - 5. Calculate i(-2).
-47
Let p(a) = -43*a**2 + 500*a - 1025. Give p(9).
-8
Let p(r) = -2*r**3 - 118*r**2 + 116*r - 233. Determine p(-60).
7
Let x(l) = l**3 - 10*l**2 - 28*l + 10. What is x(12)?
-38
Let p(c) = -c**2 - 226*c - 3908. Give p(-19).
25
Let l(f) = -f**3 - 22*f**2 - 35*f - 64. What is l(-21)?
230
Let j(c) = 48*c + 106. What is j(3)?
250
Let a(c) = 3*c**2 - 80*c + 130. Calculate a(25).
5
Let x(s) = -2*s**3 - 114*s**2 + 128*s + 725. What is x(-58)?
29
Let u(x) = -x**3 - 10*x**2 + 69*x - 10. Determine u(5).
-40
Let s(d) = -116*d - 42. What is s(2)?
-274
Let h(r) = 2*r**3 - 2*r**2 - 26*r + 82. What is h(3)?
40
Let y(a) = 1437*a + 18688. What is y(-13)?
7
Let u(r) = 524*r + 572. What is u(-1)?
48
Let l(r) = 2*r**3 + r**2 - 11*r + 24. Calculate l(0).
24
Let u(d) = d - 76. Determine u(-25).
-101
Let u(a) = -35*a - 3403. Calculate u(-97).
-8
Let z(a) = 46*a + 25. What is z(-9)?
-389
Let u(z) = -z**3 - 50*z**2 - 162*z - 5553. Determine u(-49).
-16
Let n(r) = 4*r**2 + 14*r - 18. What is n(-10)?
242
Let v(a) = -81*a + 6073. What is v(75)?
-2
Let i(x) = 8*x**2 + 14*x - 31. Give i(3).
83
Let v(o) = o**2 - 124*o + 707. Give v(6).
-1
Let q(p) = 2*p**2 + 38*p - 1563. Calculate q(20).
-3
Let x(b) = -b**3 - 7*b**2 + 31*b - 3. Give x(-10).
-13
Let j(o) = o**3 + 204*o**2 - 1912*o + 1075. Determine j(-213).
10
Let t(w) = -3*w**2 + 78*w + 248. What is t(29)?
-13
Let b(x) = x**2 - 4*x - 1. What is b(6)?
11
Let n(c) = 8*c**3 + 40*c**2 - 38*c - 184. Calculate n(-5).
6
Let q(r) = 10*r + 335. Calculate q(-31).
25
Let h(y) = y**3 + 8*y**2 + 13*y + 18. What is h(-6)?
12
Let h(w) = 376*w + 22. What is h(1)?
398
Let q(b) = -b**3 + 12*b**2 - 41*b + 90. Give q(6).
60
Let z(i) = i**3 - 7*i**2 + 4*i + 6. What is z(4)?
-26
Let t(u) = -u**3 + 19*u**2 - 19*u - 203. What is t(17)?
52
Let s(z) = 24*z**2 - 23*z. 